{"id":17,"date":"2017-03-18T16:47:25","date_gmt":"2017-03-18T15:47:25","guid":{"rendered":"https:\/\/brasserielegoupil.wordpress.com\/?page_id=17"},"modified":"2017-03-18T16:47:25","modified_gmt":"2017-03-18T15:47:25","slug":"le-brasseur","status":"publish","type":"page","link":"https:\/\/brasserie-legoupil.be\/index.php\/le-brasseur\/","title":{"rendered":"Le brasseur"},"content":{"rendered":"<p><img loading=\"lazy\" class=\"size-medium wp-image-18 alignleft\" src=\"http:\/\/brasserie-legoupil.be\/wp-content\/uploads\/2017\/03\/160924_vendanges201604.jpg?w=225\" alt=\"\" width=\"225\" height=\"300\" srcset=\"https:\/\/brasserie-legoupil.be\/wp-content\/uploads\/2017\/03\/160924_vendanges201604.jpg 2448w, https:\/\/brasserie-legoupil.be\/wp-content\/uploads\/2017\/03\/160924_vendanges201604-225x300.jpg 225w, https:\/\/brasserie-legoupil.be\/wp-content\/uploads\/2017\/03\/160924_vendanges201604-768x1024.jpg 768w\" sizes=\"(max-width: 225px) 100vw, 225px\" \/>Luc De Vos est un enfant du pays. Ing\u00e9nieur brasseur de formation, il s\u2019est investi dans diff\u00e9rents m\u00e9tiers, avant de caresser le r\u00eave d\u2019enfin ouvrir sa propre brasserie.<\/p>\n<p>Il s\u2019inscrit dans une d\u00e9marche de qualit\u00e9, utilisant des produits nobles. La brasserie rend hommage au roman de Renart : chaque bi\u00e8re prendra le nom et le caract\u00e8re d\u2019un protagoniste du c\u00e9l\u00e8bre r\u00e9cit m\u00e9di\u00e9val. Blonde, brune ou ambr\u00e9e, ses bi\u00e8res s\u00e9duiront les palais les plus exigeants. On peut brasser le houblon et les belles lettres.<\/p>\n","protected":false},"excerpt":{"rendered":"<p>Luc De Vos est un enfant du pays. Ing\u00e9nieur brasseur de formation, il s\u2019est investi dans diff\u00e9rents m\u00e9tiers, avant de caresser le r\u00eave d\u2019enfin ouvrir sa propre brasserie. Il s\u2019inscrit dans une d\u00e9marche de qualit\u00e9, utilisant des produits nobles. La brasserie rend hommage au roman de Renart : chaque bi\u00e8re prendra le nom et le [&hellip;]<\/p>\n","protected":false},"author":2,"featured_media":0,"parent":0,"menu_order":0,"comment_status":"closed","ping_status":"closed","template":"","meta":{"jetpack_post_was_ever_published":false},"jetpack_sharing_enabled":true,"jetpack_shortlink":"https:\/\/wp.me\/P8wx1S-h","_links":{"self":[{"href":"https:\/\/brasserie-legoupil.be\/index.php\/wp-json\/wp\/v2\/pages\/17"}],"collection":[{"href":"https:\/\/brasserie-legoupil.be\/index.php\/wp-json\/wp\/v2\/pages"}],"about":[{"href":"https:\/\/brasserie-legoupil.be\/index.php\/wp-json\/wp\/v2\/types\/page"}],"author":[{"embeddable":true,"href":"https:\/\/brasserie-legoupil.be\/index.php\/wp-json\/wp\/v2\/users\/2"}],"replies":[{"embeddable":true,"href":"https:\/\/brasserie-legoupil.be\/index.php\/wp-json\/wp\/v2\/comments?post=17"}],"version-history":[{"count":0,"href":"https:\/\/brasserie-legoupil.be\/index.php\/wp-json\/wp\/v2\/pages\/17\/revisions"}],"wp:attachment":[{"href":"https:\/\/brasserie-legoupil.be\/index.php\/wp-json\/wp\/v2\/media?parent=17"}],"curies":[{"name":"wp","href":"https:\/\/api.w.org\/{rel}","templated":true}]}}